s the highest common factor of g and 40?
5
Suppose -10*h + 118 = -12*h. Let c = h + 155. Let q = -61 + c. What is the highest common factor of 5 and q?
5
Suppose 684 = d + 2*k, -2*d + 14*k + 1368 = 11*k. What is the greatest common divisor of 1152 and d?
36
Let o be (425/(-34))/((-15)/156). Calculate the highest common factor of o and 610.
10
Let l(x) = x**2 - x + 7. Let q be l(0). Suppose 6*b + 3 = 45. Let i be (b/(-7))/(41/21 - 2). What is the highest common divisor of i and q?
7
Suppose -43 + 8 = -5*y. Let b be y/((0 - 4)/28). Let o = b + 59. What is the greatest common factor of o and 30?
10
Suppose 4*p = -5*a + 1528, -34*p + 31*p + 3*a = -1173. Calculate the highest common divisor of p and 215.
43
Let c = 9137 + -9077. Calculate the greatest common divisor of c and 1965.
15
Let o be 9/99*33 - -3. Calculate the highest common divisor of 9 and o.
3
Suppose -4*i - 8211 = -20*i - 35*i. Calculate the highest common factor of 434 and i.
7
Let q(n) = 3*n**2 + 22*n - 40. Let w be q(-9). Calculate the highest common factor of 2 and w.
1
Let g(q) = q**3 - 15*q**2 + 6*q + 40. Let v be g(15). Suppose -7 = h - 9, -5*h = 3*m - 127. What is the highest common divisor of v and m?
13
Let x = 464 + 56. Let i be x - (13 - 7 - 8). Calculate the greatest common factor of i and 58.
58
Let i = 56 - 53. Suppose 3*y - i*r - 2 = -5, r - 16 = -4*y. Suppose 3 + y = m. Calculate the greatest common divisor of 30 and m.
6
Let s = 176 - 82. What is the greatest common factor of s and 1457?
47
Suppose 19867 = 19*s + 3189 - 7281. Calculate the greatest common factor of s and 182.
13
Let i = -19814 - -33859. What is the greatest common factor of i and 265?
265
Let o = 95 + -64. Suppose 3*z = -2*m + 51, -2*m - o = -3*z + 8. What is the highest common factor of 30 and z?
15
Let a be ((-24300)/1053)/(4/(-1898)). Calculate the greatest common divisor of a and 876.
438
Let x(i) = -23*i - 2*i**3 - 2*i**2 + 23*i. Let p be x(-3). Let l(d) = d**3 + 7*d**2 - 66*d - 60. Let s be l(-12). What is the highest common factor of p and s?
12
Suppose -352 - 865 = -10*m - 297. Calculate the highest common divisor of 8 and m.
4
Let r be 14 + 5*42492/60. Calculate the greatest common factor of 30 and r.
15
Let t(r) = -7*r + 84. Let i be t(12). Suppose i = -5*c + 171 - 51. Suppose 35 = 5*n - 5. What is the highest common factor of c and n?
8
Let w = 652 + -503. Let j = w - 101. Suppose 301 = 3*x + 61. What is the greatest common factor of x and j?
16
Let q be ((-1973)/9 - (-10)/45)/(-3). Let j = 215 - q. Let t be j/3 + (-6)/(-9). Calculate the greatest common factor of 144 and t.
48
Suppose 20 = 9*o - 25. Suppose -2*r - 72 = -o*u, r + 0 = -3*u + 41. What is the greatest common divisor of 16 and u?
2
Let r = 4975 - 4183. Calculate the greatest common factor of r and 1089.
99
Suppose 0 = 481*g - 484*g + 108. What is the greatest common factor of g and 1236?
12
Let m(w) = -263*w - 13. Let l be m(-2). Let x = 235 + l. What is the highest common divisor of 68 and x?
68
Let n be (43/(-2) + 2)*(-4)/6. Suppose k + 758 = 2*b, 39*k - 1492 = -4*b + 35*k. What is the greatest common divisor of b and n?
13
Let a be (1 - 12) + (-3)/((-12)/8). Let r(v) = -v**3 - 5*v**2 - 5*v - 25. Let p be r(a). What is the greatest common factor of 43 and p?
43
Let q be 43/(-430)*(-3194 - -4). What is the highest common divisor of q and 187?
11
Suppose 2*g - 182 = -2*d, -4*g + 0*g + d + 344 = 0. Suppose -6*t + 11*t - g = -4*v, 0 = -2*v - 5*t + 51. What is the highest common divisor of 72 and v?
18
Suppose 5*c + 60 = 5*d, -4*c = -5*d - 8*c + 24. Let l = 4 + -3. Let p = 15 + l. Calculate the highest common divisor of d and p.
8
Suppose -860 = -3*f - 212. Let d(a) = a**3 - 32*a - 22. Let x be d(8). Let j = 261 - x. Calculate the greatest common factor of f and j.
27
Let h = 189 + -135. Let n = -49 + h. Suppose s + s + 17 = j, 61 = n*j - 2*s. Calculate the highest common factor of j and 11.
11
Let f(r) = r**2 + 7*r + 18. Let d be f(-4). Let l(j) = j**2 - 5*j + 14. Let x be l(d). What is the highest common factor of x and 35?
5
Suppose 9 = k - 27. Let q = -21636 - -21660. Calculate the greatest common factor of k and q.
12
Suppose l = s + 6*l + 10, -3*l + 28 = 4*s. Let n be 277 + -179 + (14 - (-1 - -3)). What is the highest common divisor of n and s?
10
Suppose 19*u + 796 = 1556. Calculate the highest common factor of 1540 and u.
20
Let d(c) = -c**3 - c**2 + 6*c + 3. Let r be d(-4). Let b be -3 - (-817 - r/9). Calculate the highest common divisor of b and 38.
19
Let x = -49 - -52. Suppose 2*f + x = 3*f. Suppose f*y = 4*s - 103, 0 + 6 = 2*y. Calculate the greatest common factor of 252 and s.
28
Suppose g - 9 - 37 = 0. Suppose -5*b - 6*z = 1105 - 6425, 5*b + 4*z - 5310 = 0. What is the highest common divisor of b and g?
46
Suppose -35*k = -28*k - 917. Let j = k - 5. What is the greatest common divisor of 18 and j?
18
Let g be 16 - (76/40 + (-4)/(-40)). Calculate the highest common divisor of g and 13342.
14
Let c(g) = -91*g - 91. Let m be (-19)/(-57) + (50/(-6) - 2). Let a be c(m). What is the highest common factor of a and 63?
63
Let w = 4814 - 4604. Calculate the greatest common divisor of w and 570.
30
Let p(x) = 575*x - 2. Let h be p(1). Suppose -9*n = -6*n + h. Let o = n - -335. Calculate the greatest common divisor of 18 and o.
18
Suppose c + 2*c - 795 = -3*p, 1295 = 5*c - p. Let y = -252 + c. What is the highest common divisor of 56 and y?
8
Let f be 7347/124*((-40)/(-6))/5. What is the highest common factor of 14299 and f?
79
Let w be 1/4 - 12/48. Suppose 45*k - 41*k + 60 = w. Let t = 23 + k. Calculate the highest common divisor of 40 and t.
8
Let g = 10353 + -2669. Calculate the highest common factor of g and 136.
68
Suppose -3454 + 3742 = 3*j. What is the greatest common factor of 1872 and j?
48
Suppose 8*s - 12 = 4*s. Suppose -2*l + 80 = 42. Suppose -l = -s*d + 14. What is the greatest common factor of d and 1?
1
Suppose -130*z - 798 = -136*z. Suppose 3*k - 128 = z. Calculate the greatest common factor of k and 3.
3
Let z(v) = 8015*v**2 - 633*v - 633. Let p be z(-1). Calculate the greatest common divisor of p and 35.
35
Suppose 0*q - 4*q + 8 = 0. Let y = -2 + q. Let i be -16*(1 - (y - -4)). Calculate the greatest common divisor of i and 120.
24
Let y(i) = -231*i + 2487. Let n be y(7). What is the greatest common divisor of 45 and n?
15
Suppose -5*a = 2*h - 282, -5*a + 2*h + 298 = -0*a. Suppose -14 = -r + 15. Calculate the greatest common factor of r and a.
29
Let l(o) = o**3 - 12*o**2 + 14*o + 4. Let y be l(11). Let u = y + -39. Let v(r) = -8*r - 3. Let g be v(u). Calculate the greatest common factor of g and 117.
13
Suppose 0 = 10*d - 115 + 3175. Let a = -261 + 155. Let k = a - d. Calculate the highest common factor of 25 and k.
25
Suppose 0 = -5*b + 4*s + 6102, -4*b + 4884 = s - 3*s. Suppose b = 2*c + 458. Let z = -262 + c. What is the highest common divisor of z and 15?
15
Let t(i) = -13*i**3 + 371*i**2 + 1053*i + 18. Let k be t(31). Suppose -4*x + 0*x + 332 = 0. What is the highest common divisor of k and x?
83
Suppose 36*h = 7*h + 870. Let s(j) = -2*j - 6. Let y be (3 - 12/8)*-4. Let t be s(y). What is the highest common divisor of t and h?
6
Let n = -182 + 278. Suppose n*f - 85*f = 836. Calculate the highest common factor of 95 and f.
19
Let o be ((-72)/40)/(23/((-34500)/45)). What is the greatest common divisor of 870 and o?
30
Suppose -w + 10471 = 5*h, -5*w + 26555 + 25668 = 3*h. What is the highest common divisor of 197 and w?
197
Let p be ((6336/(-60))/(-8))/(6/20). Let x = p + -18. Calculate the highest common divisor of 208 and x.
26
Suppose 165 - 849 = -2*a + 462. Calculate the greatest common divisor of 3247 and a.
191
Suppose -3*d + 37*y = 41*y - 130, 0 = -5*d - y + 228. Calculate the highest common factor of 4209 and d.
23
Let l = 351 + -44. Suppose 2*z + l = 5*s, -266 = -5*s - z + 53. Calculate the greatest common factor of 9 and s.
9
Let j(m) = -101*m**3 + m**2 - 4*m - 5. Let v be j(-1). Suppose 5*d - v + 1 = -2*l, -3*l - 125 = -5*d. Calculate the highest common divisor of d and 10.
2
Suppose -153*s + 7572 = -147*s. What is the greatest common factor of 2 and s?
2
Let m(a) = -473*a - 10737. Let l be m(-23). Calculate the highest common factor of 14 and l.
2
Let b(r) = r**3 - r**2 - 3*r + 3. Let u b